37?
69
Calculate the highest common factor of 650 and 26.
26
Calculate the highest common divisor of 35 and 9737.
7
What is the highest common divisor of 132 and 363?
33
What is the greatest common divisor of 2587 and 13?
13
Calculate the greatest common factor of 2852 and 1116.
124
Calculate the highest common divisor of 52 and 299.
13
Calculate the greatest common divisor of 10 and 160.
10
What is the highest common divisor of 1655 and 5?
5
Calculate the greatest common divisor of 455 and 70.
35
What is the highest common factor of 132 and 3972?
12
Calculate the highest common factor of 115 and 322.
23
Calculate the highest common factor of 1227 and 24.
3
Calculate the greatest common divisor of 242 and 66.
22
What is the greatest common divisor of 264 and 968?
88
What is the highest common divisor of 1749 and 33?
33
What is the greatest common factor of 7 and 838?
1
What is the highest common divisor of 48 and 216?
24
What is the highest common divisor of 200 and 225?
25
Calculate the greatest common factor of 665 and 35.
35
What is the highest common factor of 415 and 332?
83
What is the greatest common factor of 26 and 78?
26
Calculate the greatest common factor of 5895 and 45.
45
Calculate the greatest common factor of 128 and 416.
32
Calculate the greatest common divisor of 85 and 170.
85
Calculate the highest common factor of 810 and 150.
30
Calculate the greatest common divisor of 1025 and 41.
41
Calculate the greatest common factor of 162 and 126.
18
What is the highest common divisor of 40 and 50?
10
Calculate the highest common divisor of 170 and 340.
170
What is the highest common factor of 3568 and 16?
16
Calculate the greatest common factor of 387 and 258.
129
What is the greatest common divisor of 11005 and 155?
155
Calculate the highest common divisor of 1521 and 9.
9
Calculate the greatest common divisor of 42 and 336.
42
Calculate the greatest common divisor of 72 and 5992.
8
Calculate the highest common divisor of 9926 and 56.
14
What is the highest common divisor of 42 and 1652?
14
Calculate the greatest common divisor of 250 and 60.
10
What is the greatest common factor of 292 and 2044?
292
What is the highest common factor of 21 and 1239?
21
Calculate the greatest common divisor of 22 and 11.
11
Calculate the highest common factor of 480 and 120.
120
What is the highest common divisor of 64 and 32?
32
Calculate the highest common factor of 147 and 4683.
21
What is the highest common divisor of 1474 and 22?
22
Calculate the highest common factor of 18 and 4176.
18
Calculate the highest common factor of 1360 and 10.
10
What is the highest common divisor of 364 and 12?
4
Calculate the greatest common factor of 80 and 1060.
20
What is the greatest common divisor of 31 and 527?
31
Calculate the highest common divisor of 9646 and 546.
182
Calculate the greatest common divisor of 31386 and 6.
6
What is the highest common factor of 1038 and 6?
6
What is the highest common divisor of 84 and 12?
12
Calculate the highest common factor of 105 and 2457.
21
What is the highest common divisor of 20 and 5380?
20
Calculate the highest common factor of 3 and 129.
3
Calculate the highest common factor of 4 and 3676.
4
What is the highest common divisor of 682 and 31?
31
What is the greatest common divisor of 7303 and 763?
109
What is the highest common factor of 603 and 27?
9
What is the highest common factor of 7 and 49?
7
What is the highest common factor of 54 and 1431?
27
What is the highest common factor of 435 and 45?
15
What is the greatest common factor of 7 and 1393?
7
What is the highest common factor of 11 and 407?
11
Calculate the highest common divisor of 1088 and 16.
16
What is the highest common factor of 98 and 49?
49
What is the greatest common factor of 208 and 128?
16
What is the highest common divisor of 378 and 162?
54
What is the highest common factor of 957 and 22?
11
Calculate the highest common divisor of 108 and 774.
18
What is the highest common factor of 10 and 15?
5
What is the highest common divisor of 62 and 6014?
62
Calculate the highest common factor of 3 and 327.
3
Calculate the greatest common factor of 1144 and 176.
88
What is the greatest common divisor of 5243 and 147?
49
What is the highest common factor of 1199 and 539?
11
What is the greatest common factor of 400 and 100?
100
Calculate the greatest common divisor of 714 and 84.
42
What is the highest common divisor of 772 and 4?
4
What is the highest common divisor of 75 and 125?
25
What is the highest common divisor of 27 and 36?
9
What is the highest common divisor of 17 and 3961?
17
What is the greatest common factor of 26 and 1417?
13
What is the highest common divisor of 230 and 46?
46
Calculate the highest common divisor of 35 and 1835.
5
What is the greatest common factor of 165 and 1705?
55
Calculate the highest common factor of 68 and 1.
1
Calculate the greatest common factor of 336 and 216.
24
What is the greatest common divisor of 385 and 70?
35
Calculate the greatest common divisor of 2665 and 52.
13
What is the greatest common divisor of 555 and 30?
15
What is the highest common factor of 217 and 7?
7
Calculate the highest common divisor of 1807 and 208.
13
What is the highest common divisor of 60 and 480?
60
What is the greatest common factor of 88 and 8?
8
Calculate the highest common factor of 528 and 594.
66
Calculate the greatest common divisor of 128 and 164.
4
What is the highest common divisor of 980 and 20?
20
Calculate the highest common divisor of 9061 and 221.
221
What is the greatest common factor of 775 and 25?
25
What is the highest common divisor of 351 and 468?
117
Calculate the greatest common divisor of 70 and 455.
35
What is the greatest common divisor of 603 and 36?
9
What is the greatest common factor of 22428 and 378?
126
What is the highest common factor of 52 and 276?
4
What is the highest common divisor of 322 and 230?
46
What is the greatest common divisor of 1001 and 65?
13
Calculate the greatest common factor of 4 and 548.
4
What is the greatest common factor of 415 and 5?
5
Calculate the highest common divisor of 7731 and 36.
9
Calculate the highest common divisor of 144 and 464.
16
Calculate the highest common factor of 1125 and 45.
45
Calculate the greatest common factor of 1701 and 42.
21
What is the highest common factor of 448 and 84?
28
Calculate the greatest common factor of 66 and 110.
22
Calculate the highest common factor of 45716 and 44.
44
What is the highest common factor of 438 and 1387?
73
What is the greatest common factor of 15 and 16335?
15
Calculate the highest common divisor of 84 and 336.
84
What is the highest common factor of 52 and 7748?
52
What is the greatest common factor of 243 and 48?
3
Calculate the greatest common factor of 380 and 4740.
20
What is the highest common divisor of 2442 and 726?
66
Calculate the highest common factor of 216 and 48.
24
What is the greatest common factor of 1035 and 90?
45
Calculate the greatest common factor of 102 and 255.
51
Calculate the greatest common factor of 67 and 469.
67
Calculate the highest common factor of 354 and 12.
6
Calculate the highest common divisor of 11 and 1782.
11
Calculate the greatest common divisor of 35 and 91.
7
Calculate the greatest common factor of 15348 and 36.
12
Calculate the highest common factor of 42 and 567.
21
Calculate the greatest common factor of 27 and 96.
3
Calculate the highest common factor of 1984 and 620.
124
What is the greatest common divisor of 80 and 35440?
80
What is the greatest common divisor of 1525 and 61?
61
Calculate the highest common factor of 1386 and 126.
126
What is the greatest common divisor of 22 and 2?
2
What is the highest common divisor of 1 and 71?
1
Calculate the greatest common divisor of 115 and 437.
23
Calculate the highest common factor of 19 and 551.
19
What is the greatest common factor of 385 and 75845?
385
Calculate the greatest common divisor of 196 and 8.
4
Calculate the greatest common factor of 9 and 504.
9
What is the greatest common factor of 113 and 8249?
113
Calculate the greatest common divisor of 1600 and 950.
50
What is the highest common divisor of 420 and 1365?
105
What is the greatest common factor of 5 and 515?
5
Calculate the highest common divisor